 24. Let r(a) = 2*f(a) + 7*v(a). Calculate r(p).
1
Let d be 1 - (28/(-21))/(3/9). Let u(l) be the second derivative of 1/20*l**d - 1/6*l**3 - 1/12*l**4 - l**2 - 5*l + 0. Calculate u(2).
0
Let b(p) = p + 5. Let d be b(-2). Suppose -6 - 6 = -d*k. Let o(n) = -4*n + n**2 + 2 + k*n - 3*n. Calculate o(2).
0
Let i(z) = -z + 1. Let j(n) = -n**2 - 5*n + 3. Let h be j(-5). Suppose -4*c + h*a + 11 = -28, -5*c - 5*a = -5. Suppose 6*v = 3*v + c. Calculate i(v).
-1
Let u(y) = -y + 19. Let c be u(-12). Let v = 35 - c. Let j be 0 - ((-6 - -2) + v). Let x(l) = -l**2 + l - 7. Determine x(j).
-7
Let j(k) = 24*k - 30*k + 4*k + 6. Determine j(4).
-2
Let h(i) = i**3 - 2*i**2 - i. Let o(k) = -k - 6. Suppose 3*v + 4*n = 19, -2*n + n = 2*v - 16. Suppose 0 = -3*m - v - 6. Let a be o(m). Calculate h(a).
-2
Let o(i) = i**3 + 6*i**2 + 4*i + 4. Let r be (-16)/(-152) + (-1828)/38. Let a = 43 + r. Determine o(a).
9
Let g(t) = -4*t - 7. Let h(v) = -v**3 - 3*v**2 + 25*v - 15. Let k be h(-7). Calculate g(k).
-31
Let d = 0 + 5. Suppose -d*m - 5*j + 10 = -10*j, 4*m + 3*j = 29. Suppose -4*n - 6*s + 2*s = -24, 0 = -m*n + s + 18. Let v(r) = -r**3 + 3*r**2 + 2*r. Give v(n).
-8
Let h = 24 + -21. Let l be 0/(h/3*2). Let p(d) = 1 + 7*d - 10*d + l + 3. Determine p(3).
-5
Let z(b) = -b**2 + b - 1. Let y(r) = -2*r**2 + 5*r - 3. Let s(l) = -y(l) + 3*z(l). Suppose 0 = 3*a + 5*m + 10, 2 = -9*m + 11*m. Determine s(a).
-15
Suppose -8*a + 88 = -0. Let b(q) = -3*q**2 + 32*q + 10. Let m be b(a). Let s(n) = -n**2. Give s(m).
-1
Let s(o) = -4*o**2 - 1. Suppose 0 = -2*z - 0 + 6. Let c be 3 + (-1 + 6 - 2). Suppose 5*k + 15 = 5*b, -z*k + c*b = 2*b + 13. Determine s(k).
-5
Let g(a) = -a**3 + 6*a**2 + 9*a - 10. Let v be g(6). Suppose -b + v = b. Let y = b - 15. Let r(i) = -i**2 + 7*i + 4. Calculate r(y).
4
Let c = -3 + 6. Let d be -1*((4 - c) + 4). Let f(l) = -l**2 - 6*l + 6. Give f(d).
11
Suppose -4*g - 3 = -2*n - 3*g, 4*n - 15 = 5*g. Let z(r) = 8*r**3 + 3*r**2 - 1. Let l be z(-1). Let x = n + l. Let q(j) = j**2 + 7*j. What is q(x)?
-6
Let x(s) = -84*s + 8. Let v(y) = -25*y + 3. Let b(p) = 10*v(p) - 3*x(p). Determine b(-4).
-2
Let m(o) be the second derivative of -5*o**3/6 + o**2/2 + o. Let q(d) = d**3 + 14*d**2 - 32*d + 2. Let z be q(-16). Calculate m(z).
-9
Suppose 13*q = 45 + 7. Let c(v) be the second derivative of -q*v**2 + v - 1/6*v**3 + 0. Calculate c(-5).
-3
Let s be (-32)/6*(14 + -11). Let u(o) = o**2 + 16*o - 3. Let r be u(s). Let w(l) = 0*l - l + 6 - 5. Determine w(r).
4
Suppose 30 = -18*j + 30. Suppose 3*x - 20 = -2*h, 0 = 2*x - 5*h - 5 - 2. Let n(f) = -f**2 - 1 - x - 1. What is n(j)?
-8
Suppose -5*k - g + 22 = 0, 5*k + 4*g = 7*k - 22. Let t(v) be the first derivative of -3/2*v**2 + 0*v + k. Give t(1).
-3
Let a(q) be the third derivative of -13/6*q**3 + 1/24*q**4 - 1/6*q**5 + 1/120*q**6 + 0 + 0*q - 3*q**2. Give a(10).
-3
Let m(t) = -8*t**2 - 2*t. Let h(g) = -2*g**3 + 13*g**2 - 20*g + 24. Let s be h(5). Determine m(s).
-6
Let b be 3/(-3)*163*-1. Suppose 0 = -f - x + b, 2*f - 491 = -f - 2*x. Let q(w) = 4*w**3 - f*w**2 - 1 + 165*w**2. Give q(1).
3
Let o(h) = -3*h**3 - 862*h + 861*h - h**3 + 7*h**3. What is o(1)?
2
Let y(c) = -2*c - 6*c + 3*c + 3*c + 6. Suppose 33*f - 10 = 31*f. Determine y(f).
-4
Let v(h) = -h**3 - 15*h**2 - 14*h. Let a be v(-14). Let q(d) = d - 1. Give q(a).
-1
Let g = 54 + -45. Let p(s) be the third derivative of -s**6/120 + 3*s**5/20 - s**3/2 + 6*s**2. Determine p(g).
-3
Let f(o) be the third derivative of -o**4/12 - 2*o**2. Suppose 0 = -2*x + 3*m + 7, -m + 5 = 5*x + 30. What is f(x)?
8
Let u(p) = -5*p**3 - 11*p**2 - 3*p + 7. Let a(s) = -11*s**3 - 22*s**2 - 5*s + 18. Let y(r) = 4*a(r) - 9*u(r). What is y(-10)?
39
Let o(q) = -2*q**3 - 4*q**2 - 6*q - 10. Let t(u) = u**3 + u**2 + 3*u + 4. Let k(n) = -2*o(n) - 5*t(n). Determine k(2).
-2
Suppose 18 = -0*d - 3*d. Let i(y) = y**3 + 7*y**2 + 8*y + 15. Let l be i(d). Suppose 18 = -5*o + j, 4*j - l = -3*o - 23. Let s(x) = 3*x + 6. What is s(o)?
-6
Suppose 57*a + 35 = 50*a. Let z(d) = d**2 + 8*d + 1. Determine z(a).
-14
Let i(p) = p**2 - 11*p - 4. Let q(x) = -x**2 + 2*x + 74. Let h be q(9). Give i(h).
-4
Let v(m) be the first derivative of -m**3/6 - m**2 + 5*m - 15. Let c(i) be the first derivative of v(i). Determine c(-1).
-1
Let v be 3/((-12)/(-10))*-2. Let k(x) = -3*x + 1. Let q = -106 + 108. Let g(t) = -t. Let b(n) = q*g(n) - k(n). Determine b(v).
-6
Suppose l + 84 = 5*j, j - 80 = -4*j + 5*l. Let m = 11 - j. Let u(o) = -o**3 - 10*o**2 + 5. Let k(x) = x**3 + 9*x**2 - 4. Let b(d) = 4*k(d) + 3*u(d). Give b(m).
-1
Let d(h) = -2*h**2 - 3*h - 2. Let j be 2 + (-9 - -3) + (-1 - 0). Give d(j).
-37
Let j(f) be the third derivative of -f**5/60 + f**4/12 + f**3/2 + 167*f**2. What is j(3)?
0
Let y(w) = 9*w**3 - w**2 - 4*w + 9. Let x(m) = -m**3 - m + 2. Let k(z) = -5*x(z) + y(z). What is k(1)?
13
Suppose 13 = 5*i - 4*d - 27, -4*i - 3*d + 32 = 0. Suppose 2*p - 4 = i. Let s(h) = 5*h - h + 1 - h**3 - 3*h - 3 - p*h**2. What is s(-6)?
-8
Let b(d) = d**3 + 5*d**2 - 11*d + 23. Let n be 17/(187/2) + (-79)/11. Give b(n).
2
Let s(h) be the first derivative of h**4/4 + h**3 - 3*h**2 - 3*h + 119. Calculate s(-4).
5
Let i(r) = r**3 + 7*r**2 + 7*r - 2. Suppose -13*b = -10*b + 15. Give i(b).
13
Let w(h) = -6*h - 2. Let i be w(-3). Let u(n) = 5*n + 7*n**2 - i*n + 5*n - 3 - n**3. Let t(x) = -x + 4. Let q be t(-2). What is u(q)?
-3
Suppose -4 = 3*q - 7. Let b(i) = -4*i**2 + 1. What is b(q)?
-3
Suppose 9*k = 4*k + 10, -27 = 3*t - 3*k. Let u(o) = -o**2 - 6*o + 9. What is u(t)?
2
Let z(s) = s**2 + 11*s + 5. Let i(h) = 3*h**2 + 36*h + 15. Let q(y) = -2*i(y) + 7*z(y). Suppose 5*r + 4 = 4*r. Determine q(r).
1
Let t(d) = -2*d + 1 - 2 + 43*d**2 - 13*d**2. Give t(-1).
31
Let z = -18 + 37. Let q(l) = -2*l + 7 + z*l**2 - 3*l + l**3 - 24*l**2. Give q(6).
13
Suppose 18*c = 11*c. Suppose -g + 6 = g. Let r(z) = -z**g - 1 + 0 - 3. Determine r(c).
-4
Let q(f) = f**2 + 16*f + 18. Let u be q(-15). Let r be 0 + 6 + (u - 4). Let g(a) = 2*a**2 - 6*a - a**2 - 3 + 9. Calculate g(r).
1
Let y(n) = -4*n**2 + 4*n + 4. Let d(w) = -w**2 + 3 + 5*w**2 - 5*w - 6 + w. Let x(o) = 7*d(o) + 6*y(o). Calculate x(2).
11
Let c(r) = r**3 + r**2 - r + 11. Suppose 4*n - 5 = 5*n. Let o(k) = -5*k**3 + 3*k**2 - 2*k - 1. Let a be o(1). Let h = a - n. Give c(h).
11
Let g(d) = -d**2 - 29*d - 36. Let x be g(-28). Let y(r) = -2*r - 15. Give y(x).
1
Let a(v) = 2*v**2 + 11*v + 6. Let m(z) = -3*z**2 - 22*z - 12. Let h(t) = -5*a(t) - 3*m(t). What is h(11)?
6
Let l(k) = 14*k**3 + k**2 - 1. Let j be 2 + (1 + -6 - -2). Give l(j).
-14
Suppose 0 = -101*j + 117*j + 48. Let z(s) = -2*s - 16. Determine z(j).
-10
Let i be 6/51 - 700/(-119). Suppose -v + i*v - 15 = 0. Suppose 0 = -0*f + v*f. Let q(s) = -s + 3. Determine q(f).
3
Suppose 5*y + 5*v - 3*v - 14 = 0, 3*v - 4 = y. Let k = y + -6. Let m be (k + 8)*(0 - -1). Let u(q) = q**2 - 4*q + 3. Determine u(m).
3
Let w(c) = -2*c**3 - 4*c**2 - 3. Let r(g) = 3*g**3 + 4*g**2 + g + 3. Let z be -1*(-15)/3 + -1. Let t(s) = z*w(s) + 3*r(s). Give t(4).
9
Let k(l) = l**3 + 11*l**2 + 2*l + 16. Let d = -182 + 171. What is k(d)?
-6
Let r(k) = 6*k**3 + 5*k**2 + 6*k. Let h(a) = -a**3 - a. Let o(w) = -5*h(w) - r(w). Let i = 39 + -104. Let q = i - -61. Determine o(q).
-12
Let b(s) = -s**3 - 4*s**2. Suppose 20*k - 11 = 19*k. Let q(y) = y**3 - 6*y**2 + 5*y. Let i be q(5). Suppose u = 4*m - k, 4*u + 10 = -i*u - m. Give b(u).
-9
Let t(m) = -13*m + 10 + 13*m**2 - 11*m**2 - 5*m**2 + 19. Let s(h) = -h**2 - 4*h + 10. Let k(d) = -8*s(d) + 3*t(d). Determine k(-9).
-11
Let l(b) be the first derivative of -b**3/6 - 3*b**2/2 + 12*b + 2. Let d(s) be the first derivative of l(s). Calculate d(3).
-6
Let g(n) = 0*n**2 - n**2 + 2 - 6*n + 2*n**2. Let l(s) = 2*s**2 - 2*s - 7. Let x = -9 + 12. Let w be l(x). Determine g(w).
-3
Let f = -2131 - -2137. Let t(y) be the second derivative of -y**5/20 + 2*y**4/3 - 5*y**3/3 + 7*y**2/2 + 2*y. What is t(f)?
19
Let c(k) = k**3 - 4*k**2 - 4*k - 9. Let f = -330 - -335. What is c(f)?
-4
Let x(t) = -t**2 + 17*t - 52. Let u be x(13). Let n(d) = d**2 - 19. Calculate n(u).
-19
Let t(x) = -x. Suppose -11 + 11 = -4*d. Suppose -5*i - 2 = -5*s + s, d = 4*s - i + 6. Calculate t(s).
2
Let c(b) = -b**2 + 7*b - 4. Suppose -2*f - f - 5*l = -47, -28 = -2*f - 4*l. Let j be (-54)/f + 1/4. Let